{"id":6368,"date":"2025-03-28T11:06:45","date_gmt":"2025-03-28T08:06:45","guid":{"rendered":"https:\/\/www.ironcorpse.com\/site\/?post_type=product&#038;p=6368"},"modified":"2026-04-15T19:13:04","modified_gmt":"2026-04-15T16:13:04","slug":"iron-corpse-pool-sliders-white-print-on-demand","status":"publish","type":"product","link":"https:\/\/www.ironcorpse.com\/site\/store\/iron-corpse-pool-sliders-white-print-on-demand\/","title":{"rendered":"IRON CORPSE POOL SLIDERS WHITE (PRINT ON DEMAND)"},"content":{"rendered":"<p>This is a print-on-demand product and it is printed to order and shipped by a third party manufacturer.<\/p>\n<p>Finnish: HUOM! T\u00e4t\u00e4 tuotetta ei voi tilata noutona Helsingiss\u00e4.<\/p>\n<ul class=\"listMCE\">\n<li>\nMen\u2019s pool sliders with print-ready strap\n<\/li>\n<li>\nMoulded footbed and wide, sturdy strap for secure hold\n<\/li>\n<li>\nWith non-slip sole for extra protection in wet areas\n<\/li>\n<li>\nMaterial: PVC\n<\/li>\n<li>Please note: The design on the left pool slider is identically duplicated on the right one.\n<\/li>\n<\/ul>\n","protected":false},"excerpt":{"rendered":"<p>This is a print-on-demand product and it is printed to order and shipped by a third party manufacturer.<\/p>\n<p>Finnish: HUOM! T\u00e4t\u00e4 tuotetta ei voi tilata noutona Helsingiss\u00e4.<\/p>\n<p>PLEASE NOTE! CURRENTLY THIS ITEM CANNOT BE ORDERED TO THE UNITED STATES BECAUSE OF THE TARIFFS. ALL ORDERS FROM UNITED STATES WILL BE CANCELLED.<\/p>\n","protected":false},"featured_media":6957,"template":"","meta":[],"product_brand":[],"product_cat":[871,867,1125],"product_tag":[457,882],"berocket_brand":[],"class_list":{"0":"post-6368","1":"product","2":"type-product","3":"status-publish","4":"has-post-thumbnail","6":"product_cat-iron-corpse-merch-on-demand","7":"product_cat-iron-corpse-barbell-cult-apparel","8":"product_cat-barbell-cult-apparel-essential-line","9":"product_tag-iron-corpse","10":"product_tag-pool-sliders","12":"first","13":"instock","14":"taxable","15":"shipping-taxable","16":"purchasable","17":"product-type-variable"},"_links":{"self":[{"href":"https:\/\/www.ironcorpse.com\/site\/wp-json\/wp\/v2\/product\/6368","targetHints":{"allow":["GET"]}}],"collection":[{"href":"https:\/\/www.ironcorpse.com\/site\/wp-json\/wp\/v2\/product"}],"about":[{"href":"https:\/\/www.ironcorpse.com\/site\/wp-json\/wp\/v2\/types\/product"}],"wp:featuredmedia":[{"embeddable":true,"href":"https:\/\/www.ironcorpse.com\/site\/wp-json\/wp\/v2\/media\/6957"}],"wp:attachment":[{"href":"https:\/\/www.ironcorpse.com\/site\/wp-json\/wp\/v2\/media?parent=6368"}],"wp:term":[{"taxonomy":"product_brand","embeddable":true,"href":"https:\/\/www.ironcorpse.com\/site\/wp-json\/wp\/v2\/product_brand?post=6368"},{"taxonomy":"product_cat","embeddable":true,"href":"https:\/\/www.ironcorpse.com\/site\/wp-json\/wp\/v2\/product_cat?post=6368"},{"taxonomy":"product_tag","embeddable":true,"href":"https:\/\/www.ironcorpse.com\/site\/wp-json\/wp\/v2\/product_tag?post=6368"},{"taxonomy":"berocket_brand","embeddable":true,"href":"https:\/\/www.ironcorpse.com\/site\/wp-json\/wp\/v2\/berocket_brand?post=6368"}],"curies":[{"name":"wp","href":"https:\/\/api.w.org\/{rel}","templated":true}]}}